What is the thousands digit of 225669?
5
What is the millions digit of 1300318?
1
What is the thousands digit of 3290382?
0
What is the units digit of 14473968?
8
What is the ten thousands digit of 9213727?
1
What is the tens digit of 303808?
0
What is the hundreds digit of 248259?
2
What is the thousands digit of 2819206?
9
What is the units digit of 1473714?
4
What is the thousands digit of 10813007?
3
What is the ten thousands digit of 711631?
1
What is the tens digit of 886964?
6
What is the units digit of 1877907?
7
What is the thousands digit of 371480?
1
What is the units digit of 299348?
8
What is the thousands digit of 12848770?
8
What is the hundreds digit of 5479282?
2
What is the tens digit of 1171102?
0
What is the hundreds digit of 14321159?
1
What is the ten thousands digit of 2233272?
3
What is the thousands digit of 6141507?
1
What is the hundreds digit of 45236?
2
What is the thousands digit of 509236?
9
What is the hundreds digit of 906278?
2
What is the units digit of 148722?
2
What is the tens digit of 9325167?
6
What is the thousands digit of 715725?
5
What is the ten millions digit of 18535775?
1
What is the millions digit of 2295753?
2
What is the hundred thousands digit of 644517?
6
What is the hundreds digit of 1808552?
5
What is the hundreds digit of 36322099?
0
What is the hundreds digit of 6739203?
2
What is the thousands digit of 156200?
6
What is the ten thousands digit of 7156037?
5
What is the tens digit of 288550?
5
What is the ten thousands digit of 639793?
3
What is the millions digit of 1896920?
1
What is the units digit of 50323?
3
What is the hundred thousands digit of 2898300?
8
What is the thousands digit of 7208?
7
What is the hundreds digit of 430105?
1
What is the thousands digit of 239311?
9
What is the hundreds digit of 5999345?
3
What is the ten thousands digit of 4756578?
5
What is the thousands digit of 5897888?
7
What is the units digit of 357832?
2
What is the units digit of 25101201?
1
What is the units digit of 474616?
6
What is the ten thousands digit of 4844979?
4
What is the hundred thousands digit of 480010?
4
What is the tens digit of 419314?
1
What is the hundreds digit of 4904149?
1
What is the tens digit of 145214?
1
What is the tens digit of 6143780?
8
What is the hundred thousands digit of 361445?
3
What is the thousands digit of 1254673?
4
What is the tens digit of 518104?
0
What is the tens digit of 38800?
0
What is the units digit of 61615?
5
What is the hundred thousands digit of 1864288?
8
What is the thousands digit of 32081?
2
What is the hundred thousands digit of 292084?
2
What is the units digit of 3902298?
8
What is the hundreds digit of 3756298?
2
What is the tens digit of 825307?
0
What is the ten thousands digit of 421955?
2
What is the millions digit of 3316692?
3
What is the ten thousands digit of 557025?
5
What is the hundred thousands digit of 103814?
1
What is the ten thousands digit of 418360?
1
What is the hundreds digit of 672435?
4
What is the millions digit of 9090115?
9
What is the units digit of 2216235?
5
What is the ten thousands digit of 196684?
9
What is the thousands digit of 264479?
4
What is the ten thousands digit of 28225203?
2
What is the thousands digit of 730757?
0
What is the thousands digit of 191973?
1
What is the hundreds digit of 210255?
2
What is the hundred thousands digit of 15678701?
6
What is the tens digit of 6677870?
7
What is the thousands digit of 190509?
0
What is the thousands digit of 430162?
0
What is the ten millions digit of 36307539?
3
What is the thousands digit of 584418?
4
What is the hundred thousands digit of 2159343?
1
What is the hundreds digit of 2839313?
3
What is the hundreds digit of 99854?
8
What is the tens digit of 227577?
7
What is the tens digit of 26969776?
7
What is the ten thousands digit of 26331874?
3
What is the thousands digit of 166943?
6
What is the units digit of 3131611?
1
What is the hundreds digit of 309286?
2
What is the tens digit of 484585?
8
What is the ten thousands digit of 51104?
5
What is the units digit of 17529411?
1
What is the millions digit of 1918569?
1
What is the thousands digit of 4307139?
7
What is the ten thousands digit of 3170941?
7
What is the millions digit of 15721727?
5
What is the hundreds digit of 1132003?
0
What is the hundreds digit of 680317?
3
What is the units digit of 225258?
8
What is the ten thousands digit of 2631522?
3
What is the hundred thousands digit of 863249?
8
What is the units digit of 2033905?
5
What is the ten thousands digit of 143847?
4
What is the hundred thousands digit of 1810556?
8
What is the tens digit of 69110?
1
What is the thousands digit of 351404?
1
What is the units digit of 989142?
2
What is the ten thousands digit of 793321?
9
What is the ten millions digit of 12089587?
1
What is the tens digit of 417584?
8
What is the ten thousands digit of 25778?
2
What is the hundreds digit of 240228?
2
What is the ten thousands digit of 56430?
5
What is the ten thousands digit of 12739?
1
What is the units digit of 536929?
9
What is the hundred thousands digit of 296587?
2
What is the units digit of 1122911?
1
What is the ten thousands digit of 2286201?
8
What is the millions digit of 6738530?
6
What is the hundred thousands digit of 183641?
1
What is the hundreds digit of 325846?
8
What is the units digit of 2805164?
4
What is the hundreds digit of 1115774?
7
What is the tens digit of 457351?
5
What is the units digit of 373687?
7
What is the tens digit of 31579983?
8
What is the thousands digit of 17035740?
5
What is the thousands digit of 29779439?
9
What is the hundred thousands digit of 389812?
3
What is the thousands digit of 15924271?
4
What is the hundred thousands digit of 298285?
2
What is the hundreds digit of 9547626?
6
What is the hundreds digit of 44407?
4
What is the tens digit of 464719?
1
What is the hundreds digit of 141479?
4
What is the hundreds digit of 2032217?
2
What is the hundreds digit of 1636?
6
What is the thousands digit of 3916620?
6
What is the units digit of 20341243?
3
What is the ten thousands digit of 154142?
5
What is the hundreds digit of 3528561?
5
What is the tens digit of 177701?
0
What is the ten thousands digit of 134629?
3
What is the hundred thousands digit of 1823394?
8
What is the thousands digit of 785999?
5
What is the millions digit of 17715206?
7
What is the hundreds digit of 6678771?
7
What is the millions digit of 1100283?
1
What is the millions digit of 13350911?
3
What is the thousands digit of 172317?
2
What is the tens digit of 95960?
6
What is the thousands digit of 6612039?
2
What is the hundred thousands digit of 758475?
7
What is the units digit of 1026052?
2
What is the thousands digit of 2132380?
2
What is the ten thousands digit of 1325092?
2
What is the hundreds digit of 3531211?
2
What is the thousands digit of 4789228?
9
What is the units digit of 2238277?
7
What is the thousands digit of 17662169?
2
What is the hundreds digit of 27341856?
8
What is the tens digit of 649095?
9
What is the ten thousands digit of 2433296?
3
What is the hundreds digit of 11614378?
3
What is the tens digit of 2639001?
0
What is the ten thousands digit of 251778?
5
What is the units digit of 24566929?
9
What is the ten thousands digit of 249621?
4
What is the millions digit of 1605940?
1
What is the ten thousands digit of 9685015?
8
What is the units digit of 437844?
4
What is the thousands digit of 8512384?
2
What is the ten thousands digit of 5084812?
8
What is the hundred thousands digit of 6801792?
8
What is the units digit of 690119?
9
What is the hundred thousands digit of 697412?
6
What is the units digit of 281715?
5
What is the hundreds digit of 1494541?
5
What is the hundreds digit of 7992355?
3
What is the ten thousands digit of 43351?
4
What is the units digit of 1915258?
8
What is the units digit of 7549609?
9
What is the units digit of 22689121?
1
What is the hundreds digit of 2248499?
4
What is the thousands digit of 20981657?
1
What is the units digit of 402096?
6
What is the hundred thousands digit of 2748843?
7
What is the hundred thousands digit of 2293984?
2
What is the thousands digit of 2941256?
1
What is the millions digit of 4698827?
4
What is the thousands digit of 342519?
